11) in base 15?
80
What is -1010 (base 2) in base 14?
-a
12 (base 16) to base 15
13
What is -220 (base 3) in base 13?
-1b
Convert -34 (base 6) to base 15.
-17
-223 (base 9) to base 14
-d1
-13b (base 14) to base 8
-371
What is -6e (base 16) in base 6?
-302
2 (base 9) to base 10
2
Convert 12 (base 4) to base 15.
6
-3 (base 7) to base 15
-3
Convert -2 (base 8) to base 15.
-2
110 (base 4) to base 13
17
Convert 0 (base 15) to base 13.
0
Convert -23 (base 8) to base 15.
-14
10 (base 11) to base 2
1011
-2 (base 16) to base 15
-2
What is -78 (base 16) in base 3?
-11110
6d (base 14) to base 15
67
What is -214 (base 7) in base 9?
-131
Convert -55 (base 14) to base 2.
-1001011
3 (base 7) to base 5
3
Convert 7 (base 14) to base 7.
10
Convert 101 (base 3) to base 16.
a
What is -8a (base 12) in base 14?
-78
Convert -3 (base 9) to base 2.
-11
What is 9 (base 10) in base 11?
9
What is 3 (base 5) in base 9?
3
What is -2 (base 12) in base 16?
-2
50 (base 10) to base 8
62
Convert 12 (base 4) to base 11.
6
-150 (base 12) to base 6
-540
What is -1 (base 2) in base 10?
-1
c5 (base 13) to base 2
10100001
What is 0 (base 14) in base 11?
0
Convert -4 (base 7) to base 4.
-10
What is 0 (base 12) in base 13?
0
What is 2202 (base 5) in base 13?
1a3
Convert 139 (base 15) to base 5.
2104
-6 (base 11) to base 10
-6
What is 78 (base 12) in base 11?
84
24 (base 14) to base 2
100000
What is -9 (base 10) in base 16?
-9
What is 36 (base 11) in base 8?
47
What is 139 (base 12) in base 11?
162
11 (base 13) to base 12
12
Convert 0 (base 8) to base 2.
0
Convert -2 (base 12) to base 9.
-2
Convert 322 (base 5) to base 4.
1113
1201 (base 4) to base 15
67
110 (base 2) to base 7
6
Convert -72 (base 15) to base 2.
-1101011
What is -16 (base 7) in base 9?
-14
34 (base 16) to base 10
52
1 (base 5) to base 8
1
Convert ca (base 13) to base 2.
10100110
Convert 1110 (base 2) to base 7.
20
What is 2 (base 5) in base 11?
2
What is 100111 (base 2) in base 7?
54
Convert -109 (base 12) to base 6.
-413
What is 21 (base 13) in base 9?
30
What is -17 (base 16) in base 5?
-43
Convert -204 (base 9) to base 5.
-1131
What is 20 (base 9) in base 14?
14
Convert 1000110 (base 2) to base 10.
70
-a (base 15) to base 13
-a
What is 103 (base 4) in base 10?
19
-44 (base 13) to base 2
-111000
What is 2 (base 8) in base 5?
2
-3 (base 10) to base 15
-3
Convert 3 (base 12) to base 3.
10
203 (base 8) to base 15
8b
Convert -1003 (base 4) to base 10.
-67
Convert -7 (base 12) to base 4.
-13
a (base 12) to base 3
101
Convert -3 (base 13) to base 10.
-3
-1001 (base 2) to base 14
-9
Convert 113 (base 4) to base 2.
10111
What is -2a6 (base 12) in base 11?
-347
What is -15 (base 9) in base 16?
-e
Convert -1 (base 5) to base 6.
-1
What is 34 (base 6) in base 10?
22
Convert -1 (base 5) to base 12.
-1
What is 5d (base 16) in base 13?
72
Convert 155 (base 10) to base 3.
12202
What is -423 (base 5) in base 7?
-221
31 (base 6) to base 7
25
1 (base 14) to base 11
1
Convert -3 (base 7) to base 16.
-3
131 (base 8) to base 4
1121
What is -30 (base 15) in base 3?
-1200
Convert c (base 16) to base 5.
22
Convert -10d (base 15) to base 3.
-22211
What is 11 (base 13) in base 10?
14
3 (base 16) to base 15
3
Convert 0 (base 10) to base 4.
0
Convert -15 (base 13) to base 10.
-18
What is 322 (base 10) in base 3?
102221
Convert -10010 (base 2) to base 9.
-20
Convert 123 (base 6) to base 14.
39
What is 11 (base 7) in base 8?
10
Convert 75 (base 16) to base 12.
99
Convert 2 (base 8) to base 14.
2
-13 (base 4) to base 8
-7
What is -18 (base 9) in base 5?
-32
-24 (base 7) to base 3
-200
What is -6b (base 16) in base 11?
-98
Convert -4 (base 5) to base 7.
-4
Convert 26 (base 14) to base 10.
34
-120 (base 10) to base 2
-1111000
-5 (base 8) to base 12
-5
1 (base 9) to base 12
1
Convert 29 (base 16) to base 10.
41
What is 78 (base 10) in base 13?
60
Convert 5 (base 12) to base 8.
5
What is -302 (base 4) in base 9?
-55
Convert 2 (base 16) to base 13.
2
Convert -10110001 (base 2) to base 14.
-c9
Convert 1301 (base 4) to base 3.
11012
Convert 264 (base 10) to base 2.
100001000
33 (base 14) to base 7
63
What is -2 (base 16) in base 5?
-2
What is 1a (base 16) in base 14?
1c
What is -3 (base 13) in base 11?
-3
What is 105 (base 11) in base 14?
90
What is 112 (base 10) in base 12?
94
What is -2 (base 3) in base 7?
-2
5 (base 12) to base 6
5
Convert 0 (base 9) to base 2.
0
Convert -ad (base 16) to base 12.
-125
Convert 5 (base 7) to base 4.
11
Convert -19 (base 12) to base 4.
-111
-26 (base 12) to base 2
-11110
Convert -7 (base 14) to base 16.
-7
-1 (base 5) to base 10
-1
1 (base 10) to base 9
1
47 (base 13) to base 14
43
What is -5 (base 6) in base 16?
-5
What is -114 (base 14) in base 5?
-1324
-196 (base 11) to base 4
-3202
What is 100011 (base 2) in base 7?
50
1101 (base 2) to base 12
11
-43 (base 6) to base 13
-21
0 (base 8) to base 2
0
34 (base 10) to base 11
31
What is -214 (base 5) in base 8?
-73
-d (base 16) to base 4
-31
What is 211 (base 9) in base 11?
147
What is -115 (base 9) in base 12?
-7b
Convert -3 (base 7) to base 12.
-3
0 (base 3) to base 16
0
-3 (base 10) to base 9
-3
0 (base 6) to base 10
0
Convert 52 (base 10) to base 4.
310
Convert -70 (base 14) to base 12.
-82
Convert 21 (base 10) to base 11.
1a
Convert -232 (base 5) to base 9.
-74
26 (base 8) to base 10
22
What is 3 (base 12) in base 5?
3
What is -93 (base 10) in base 4?
-1131
What is 5 (base 13) in base 3?
12
What is 103 (base 7) in base 15?
37
What is 4 (base 9) in base 10?
4
Convert -195 (base 11) to base 12.
-169
What is 1 (base 12) in base 5?
1
Convert 62 (base 11) to base 7.
125
What is -11 (base 6) in base 9?
-7
2 (base 15) to base 16
2
What is -12 (base 4) in base 5?
-11
What is 245 (base 11) in base 14?
16b
-11010 (base 2) to base 5
-101
What is -227 (base 14) in base 8?
-653
Convert -18 (base 13) to base 2.
-10101
What is -234 (base 11) in base 5?
-2104
Convert 11 (base 2) to base 9.
3
da (base 16) to base 9
262
-9 (base 14) to base 7
-12
Convert 28 (base 14) to base 4.
210
What is 1 (base 10) in base 2?
1
Convert 2 (base 7) to base 16.
2
1101 (base 2) to base 4
31
Convert -32 (base 7) to base 2.
-10111
Convert -21 (base 8) to base 5.
-32
-4 (base 5) to base 3
-11
What is -40 (base 5) in base 12?
-18
18 (base 12) to base 7
26
What is -3 (base 8) in base 11?
-3
1 (base 16) to base 6
1
Convert -43 (base 6) to base 16.
-1b
What is -7 (base 16) in base 9?
-7
-27 (base 14) to base 7
-50
6 (base 16) to base 5
11
Convert -181 (base 10) to base 15.
-c1
Convert -2 (base 14) to base 3.
-2
Convert -118 (base 13) to base 3.
-21001
Convert 1 (base 7) to base 12.
1
34 (base 5) to base 13
16
Convert -111 (base 3) to base 15.
-d
-3 (base 12) to base 13
-3
d (base 16) to base 9
14
What is -20 (base 8) in base 9?
-17
Convert 2 (base 4) to base 16.
2
-2112 (base 3) to base 12
-58
Convert 2 (base 13) to base 3.
2
-238 (base 10) to base 2
-11101110
Convert 1 (base 7) to base 14.
1
Convert -6 (base 11) to base 2.
-110
22 (base 4) to base 12
a
-20 (base 8) to base 4
-100
What is -24 (base 8) in base 4?
-110
42 (base 5) to base 2
10110
Convert 141 (base 12) to base 9.
234
5 (base 14) to base 15
5
What is 3 (base 9) in base 5?
3
Convert 0 (base 11) to base 4.
0
-31 (base 8) to base 15
-1a
101 (base 2) to base 7
5
Convert 1022 (base 5) to base 9.
162
Convert -10 (base 4) to base 15.
-4
Convert -31 (base 5) to base 4.
-100
Convert 2 (base 9) to base 8.
2
What is -2 (base 10) in base 13?
-2
What is 10 (base 9) in base 3?
100
Convert -2 (base 10) to base 2.
-10
Convert -140 (base 8) to base 10.
-96
What is -6 (base 13) in base 4?
-12
100 (base 10) to base 4
1210
What is 6 (base 8) in base 10?
6
-43 (base 9) to base 11
-36
-1002 (base 5) to base 13
-9a
Convert -22 (base 3) to base 11.
-8
Convert 67 (base 8) to base 13.
43
Convert -2 (base 9) to base 14.
-2
b (base 13) to base 9
12
Convert -209 (base 10) to base 15.
-de
What is -333 (base 6) in base 7?
-243
-14 (base 7) to base 16
-b
-13 (base 9) to base 14
-c
-302 (base 4) to base 8
-62
-216 (base 11) to base 2
-100000011
-34 (base 9) to base 14
-23
-2 (base 14) to base 3
-2
Convert 23 (base 5) to base 10.
13
Convert 1 (base 9) to base 6.
1
1010 (base 4) to base 11
62
Convert 1233 (base 4) to base 2.
1101111
What is -1 (base 11) in base 8?
-1
Convert 3 (